= -29616 - -177703/6. Let n(a) be the second derivative of -1/12*a**4 - 12*a + 0 - k*a**3 + 11/2*a**2. Calculate n(-8).
3
Suppose 353*p - 8346 = -289*p. Let y(w) = -3*w**3 + 39*w**2 - w + 13. Calculate y(p).
0
Suppose -4*j = -5*o - 52, 8*j + 4*o - 26 = 6*j. Let f(q) = 44 - 24*q + 15*q - 44 + j*q. Determine f(1).
4
Let o be 3/(-12) + (-5)/(-4). Let f(q) = -9332*q**3 - 2*q**2 + 1 + 2*q - 2*q + 9337*q**3. Calculate f(o).
4
Let d be ((-9)/4)/(-3)*80/12. Suppose 3*b - 14 + 11 = d*m, 0 = 3*b + 2*m - 24. Let j(u) = u - 8. Determine j(b).
-2
Let k(n) = -n**2 + 8*n - 17. Suppose 3*b + 8*l = 13*l + 61, -18 = 2*b + 4*l. What is k(b)?
-10
Let s(c) = 3*c + 13. Let g = 589 - 591. Let k be s(g). Let q(l) = -l + 10. Determine q(k).
3
Suppose 0 = -4*v + 19 + 5. Let m(z) = -6*z + 13. Let r(a) be the third derivative of a**4/12 - 2*a**3/3 + 15*a**2. Let y(w) = 3*m(w) + 8*r(w). Determine y(v).
-5
Let l(s) = -2*s**3 - 16*s**2 - 12*s + 7. Suppose -4*r - 5*f - 48 = 0, 2*f - 34 = -3*r - 63. Give l(r).
-7
Let m = 5 + -2. Let o be (-2 - 1) + m*3. Let d(j) be the first derivative of -j**4/4 + 7*j**3/3 - 5*j**2/2 - 5*j + 393. What is d(o)?
1
Let l(k) = 17*k + 228. Let z(d) = -49*d - 687. Let g(n) = 8*l(n) + 3*z(n). Give g(-21).
-6
Let j(s) = 5 + 82*s**2 + 133*s - 84*s**2 - 117*s. Determine j(8).
5
Suppose -15 = -4*b + 7*b. Let o be 3/b + 24/(-10). Let m(z) = z**2 - z - 9. Let g be m(o). Let f(s) = s + 4. What is f(g)?
7
Let r(o) = -2*o**2 + 17*o - 3. Let z(g) = -3*g**2 + 25*g - 4. Let m(h) = 7*r(h) - 5*z(h). Suppose 4 = -2*s - 3*f - 2*f, -2*s - 3*f = 0. Determine m(s).
-10
Suppose 8520 = -44*d + 14*d. Let r = d - -275. Let n(w) = w + 5. Give n(r).
-4
Let p(u) = 337*u - 8. Let s(m) = 84*m + 2. Let h(q) = p(q) - 4*s(q). Give h(15).
-1
Suppose -1262 - 145 = 469*b. Let i(u) = u**2 - 4*u - 1. Determine i(b).
20
Let y(w) = -w - 6. Let g(v) = -4*v**3 - 13*v**2 - 11. Let i(d) = -d**3 - d**2 - d - 1. Let x(f) = -g(f) + 6*i(f). Let o be x(3). Calculate y(o).
-2
Let i be ((-10)/(-3))/(8/12). Let h be (-2)/i - 162/(-30). Suppose -2 - 4 = 5*b + 2*a, h*a = 5*b - 15. Let o(l) = -l - 4. Calculate o(b).
-4
Let l(n) be the third derivative of -n**5/12 - n**4/24 - 5*n**3/3 - n**2 + n + 876. Determine l(-4).
-86
Let q(r) = -r + 31. Let x = -2645 - -2651. Determine q(x).
25
Let j(p) = 38*p**2 - 52*p + 23*p + 38*p - 10*p - 1. Give j(-1).
38
Let f = -108 - -153. Suppose f + 145 = 5*q. Let n = q + -43. Let k(l) = l - 6. What is k(n)?
-11
Suppose 13 = 3*u + 4*m, -4*m - 34 = -2*u + 8. Suppose 5 + u = a. Suppose -5*g + a = -13*g. Let p(w) = 4*w**2 - 1. Give p(g).
15
Let q(p) = -3*p**3 - 5*p**2 - 7*p - 4. Let c(l) = 10*l**3 + 15*l**2 + 21*l + 11. Let w(t) = 2*c(t) + 7*q(t). Let y = 1288 + -1292. What is w(y)?
6
Let v(x) = 14*x**2 - 10 - 7 + 35 - 31*x - 10 + x**3. What is v(-16)?
-8
Let p(m) be the second derivative of 7*m**3/6 - 35*m**2/2 + 9*m - 267. What is p(-9)?
-98
Let l(m) = -2*m + 0*m - 4*m + 79 + 10*m + 3*m. Determine l(-11).
2
Let z(v) = 7*v**3 - v**2 + v + 1. Let f be ((-897)/24)/(-13) - (-1)/8. Suppose -4*w - f*b + 0 = 19, -5 = b. Give z(w).
-8
Let x be 332*(-6)/(-120) - ((-92)/(-20) - 4). Let r(n) = -n**3 + 15*n**2 + 12*n + 19. Calculate r(x).
-45
Let q be (2 - 2/1) + 2. Let s be (0*(-2)/4)/q. Let r(w) = 906123 - 2*w + w - 906130 + w**2. Determine r(s).
-7
Let r(m) = -5*m - 3. Suppose -u + 2*u + 71 = 0. Let l = u - -78. Let v be -10*1*l*4/70. What is r(v)?
17
Let k(s) be the second derivative of -11*s**3/6 + 3*s**2/2 - 5*s. Suppose 15 = j + 10. Let q(n) = -5*n + 2. Let h(r) = j*q(r) - 3*k(r). Calculate h(1).
9
Let k = 101 - -87. Suppose -3*h + 72 + 308 = -4*z, 2*z + k = 2*h. Let i = -95 - z. Let p(f) = f - 6. Determine p(i).
-3
Suppose -2*a + x = -3*a - 2, -4*x = -4*a - 40. Let h be 2/((-16)/(-60)) + (-9)/a. Suppose -h*i = -4*i - 20. Let q(m) = -m**2 + 3*m - 3. Determine q(i).
-7
Let g(p) = p**3 - 2*p**2 + 1. Let z = -45 + 40. Let o(t) = t**3 + 3*t**2 - 12*t - 4. Let c be o(z). Suppose 2*b - c + 4 = 0. Give g(b).
0
Suppose -m + 3*t + 48 = 7*t, 89 = 3*m + t. Suppose 9*s = m*s + 95. Let g(f) = f**2 + 8*f + 7. Calculate g(s).
-8
Let u(y) = y**2 - 16*y + 48. Suppose -o = -5*f + 65, 2*o + 56 - 58 = -f. Calculate u(f).
0
Let z(d) be the first derivative of d**4/4 + 5*d**3/3 + 11*d**2/2 + 4*d - 2835. What is z(-3)?
-11
Let s = 48 + -40. Let i = 20 - s. Suppose 3*g - 16 = i*a - 10*a, 5*a + 25 = 5*g. Let n(v) = -v + 13. Calculate n(g).
7
Let d(y) = -10*y + 3. Suppose 5*a = 4*x + 13, -2*x - 4*a + 23 = -x. Suppose 4*u = 4*o + 9*u + 31, 3*o - 5*u = x. Determine d(o).
43
Let o be (183/(-1098))/(3/(-2))*-9. Let z(k) = 5*k**3 - k**2 - 4*k**3 - 4*k**3. Give z(o).
2
Let w(r) be the third derivative of r**5/60 - 29*r**4/24 - 11*r**3/2 - 2*r**2 - 789*r - 1. Calculate w(31).
29
Let j = -9609 - -9621. Let k(z) = z**3 - 13*z**2 + 15*z + 8. Give k(j).
44
Let y(b) = 2*b + 1. Let x(w) = 6*w - 9. Suppose 0 = -v + 1, 3*l - 2*l + 5*v - 4 = 0. Let c(k) = l*x(k) + 4*y(k). Determine c(-10).
-7
Let g(c) = c**3 - 97*c**2 + 793*c - 82. Let x be g(88). Suppose 0 = 3*h - 3 - 0. Let v(b) = -2*b + 4. Let o(k) = -1. Let n(m) = h*v(m) - 2*o(m). Calculate n(x).
-6
Let r(k) = -88*k - 94. Let m be r(-1). Let d(g) = 3*g**3 - 2*g**2 - 6*g - 13. Let x(w) = -w**3 - w**2 + w + 1. Let y(a) = d(a) + 4*x(a). Determine y(m).
3
Let g(p) = -3*p**3 - 6*p**2 + 3*p - 1. Let w(m) = -7*m**3 - 15*m**2 + 7*m. Let a(y) = 5*g(y) - 2*w(y). Give a(3).
-29
Let g = -20 + 21. Let i be (0 - 2)/(14/(-10) + g). Let c(t) = -3*t**2 + 5*t**2 - 5 - t**3 - t**2 + 5*t**2. Give c(i).
20
Let l be (-168)/20*(-415)/498. Let w(h) = -6*h + 30. Give w(l).
-12
Let y(r) = -352*r**3 - 14*r**2 + 5*r + 5. Let l(m) = 293*m**3 + 14*m**2 - 6*m - 5. Let h(s) = 6*l(s) + 5*y(s). Calculate h(6).
1
Let w(z) = 2*z - 2. Let v(a) = -58*a - 280. Let f be v(-5). Let r(s) = 11*s - 3. Let n(k) = f*w(k) - 2*r(k). Determine n(-4).
-6
Suppose 28*s - 40*s = 0. Let x(f) = -10*f + 4 + s*f + 5*f + 3*f. What is x(4)?
-4
Let z(k) be the first derivative of -5/2*k**2 - 1/12*k**4 + 0*k**3 - 24 + 2*k - 1/20*k**5. Let p(u) be the first derivative of z(u). Calculate p(0).
-5
Let b(p) = p**3 + p + 8*p**3 - 3 - 9*p**3 + p**3 - p**2 - 5 + 24. Let k = 4 - 4. What is b(k)?
16
Suppose -28*s + 38*s = -30. Let n be 8/4 + s/(-1) + 25. Suppose -28*o = -n*o + 6. Let m(p) = -2*p**3 + 4*p**2 + p. Determine m(o).
-15
Let i(k) = 17*k + 199. Let h(p) = p + 6. Let f(s) = 6*h(s) - i(s). Give f(-14).
-9
Suppose 10*a - 13*a = 66. Let n = a + 30. Let g(f) be the third derivative of -f**4/24 + 11*f**3/6 - f**2 - 7*f. Calculate g(n).
3
Let q(t) = -t**3 + 2*t**2 - 3*t + 1. Let n = 794 - 789. Suppose -52*g - 16 = -n*s - 49*g, 3*s = g + 8. Determine q(s).
-5
Let l(c) = 12*c**3 - 3*c**2 + c + 1. Let q = 1484 + -1483. Calculate l(q).
11
Suppose 2*a = -0*a - 14. Let o = a + 12. Let w(z) = -17*z**2 - 1 - 1498*z**3 + z + 11*z**2 + 1499*z**3. Determine w(o).
-21
Let v(r) = 7 - 9*r**2 - 3 - r**3 + r - 1. Let t = -5831 - -5822. Determine v(t).
-6
Let d be -3*(-2)/(3 + -1). Let z(q) = -2*q - 3*q + 6 + 6*q**2 - 1 + q**d. Suppose -12*o - 37*o - 245 = -14*o. Give z(o).
-9
Let y(i) = i**3 + i**2 + i + 1. Let l = -3772 + 3769. Determine y(l).
-20
Suppose 0 = -15*b + 20 + 25. Suppose -12*d + b - 63 = 0. Let w(u) = -u**2 - u - 1. Determine w(d).
-21
Let a(i) = -12*i - 138. Let q be a(0). Let r = -137 - q. Let h(t) = -18*t**2 + t - 1. Give h(r).
-18
Suppose 0 = -83*c + 81*c + 4. Suppose 0 = c*m - 5*j - 19, 3*m = 2*j + 2*j + 18. Let r(k) = -9 + k**2 - 10*k + 2 + 1 - m*k**2. Calculate r(-5).
19
Let d(t) = 32*t**2 + 3*t + 21. Let g be d(0). Let j(i) = -i**3 + 17*i**2 + 84*i + 7. What is j(g)?
7
Suppose -122 = 12*d - 158. Suppose -3*q - 1 + 13 = 0. Suppose -3*s = -d*c - 24, q*s = 5*c + s + 36. Let y(v) = -3*v - 6. What is y(c)?
12
Let z(d) = 13*d + 4. Let i(t) = 4*t + 1. Let q(b) = -17*i(b) + 6*z(b). Calculate q(-1).
-3
Suppose 2*g + 2 = -b, 26681*b - 2*g = 26676*b + 14. Let h(n) = n**3 - 2 - 2 - 4*n**2 + 6. What is h(b)?
-6
Let u(a) = 4*a**2 + 19*a - 108. Let p(s) = -5*s**2 - 16*s + 110. Let l(y) = -2*p(y) - 3*u(y). Calculate l(-16).
-8
Suppose 0 = -c - 8*c + 576. Suppose -4*m - c = -40. Let i(j) = -j**2 - 6*j + 8. Calculate i(m).
8
Let u(v) = -5*v. Let z = 532 + -318. Let h = -215 + z. Determine u(h).
5
Suppose 0 = 4*j - 3*j + 4. Let m be 18